{"id":1800,"date":"2021-02-01T23:02:19","date_gmt":"2021-02-01T23:02:19","guid":{"rendered":"https:\/\/especialistasdeldolor.com\/?page_id=1800"},"modified":"2021-02-01T23:04:01","modified_gmt":"2021-02-01T23:04:01","slug":"medicinaintervencionistadel-dolor","status":"publish","type":"page","link":"https:\/\/especialistasdeldolor.com\/index.php\/medicinaintervencionistadel-dolor\/","title":{"rendered":"Medicina intervencionista del dolor"},"content":{"rendered":"\n<p>Es una \u201cdisciplina\u00bb de la medicina dedicada al diagn\u00f3stico y tratamiento del dolor y sus desordenes relacionados\u00bb. Son procedimientos percut\u00e1neos o t\u00e9cnicas que se apoyan en la utilizaci\u00f3n de la tecnolog\u00eda m\u00e1s avanzada para el alivio del dolor proporcionado por M\u00e9dico Especialista y Certificado por los organismos nacionales e internacionales para realizar estos procedimientos bajo un alto y estricto marco de seguridad. Actualmente representan un conjunto de t\u00e9cnicas m\u00ednimamente invasivas, llamadas tambi\u00e9n percut\u00e1neas, que representan un escal\u00f3n previo a la cirug\u00eda compleja, tanto para llegar a un diagn\u00f3stico como las opciones para personalizar como tratamiento propio.<\/p>\n","protected":false},"excerpt":{"rendered":"<p>Es una \u201cdisciplina\u00bb de la medicina dedicada al diagn\u00f3stico y tratamiento del dolor y sus desordenes relacionados\u00bb. Son procedimientos percut\u00e1neos o t\u00e9cnicas que se apoyan en la utilizaci\u00f3n de la tecnolog\u00eda m\u00e1s avanzada para el alivio del dolor proporcionado por M\u00e9dico Especialista y Certificado por los organismos nacionales e internacionales para realizar estos procedimientos bajo&hellip; <br \/> <a class=\"read-more\" href=\"https:\/\/especialistasdeldolor.com\/index.php\/medicinaintervencionistadel-dolor\/\">Leer m\u00e1s<\/a><\/p>\n","protected":false},"author":1,"featured_media":0,"parent":0,"menu_order":0,"comment_status":"closed","ping_status":"closed","template":"","meta":{"footnotes":""},"_links":{"self":[{"href":"https:\/\/especialistasdeldolor.com\/index.php\/wp-json\/wp\/v2\/pages\/1800"}],"collection":[{"href":"https:\/\/especialistasdeldolor.com\/index.php\/wp-json\/wp\/v2\/pages"}],"about":[{"href":"https:\/\/especialistasdeldolor.com\/index.php\/wp-json\/wp\/v2\/types\/page"}],"author":[{"embeddable":true,"href":"https:\/\/especialistasdeldolor.com\/index.php\/wp-json\/wp\/v2\/users\/1"}],"replies":[{"embeddable":true,"href":"https:\/\/especialistasdeldolor.com\/index.php\/wp-json\/wp\/v2\/comments?post=1800"}],"version-history":[{"count":2,"href":"https:\/\/especialistasdeldolor.com\/index.php\/wp-json\/wp\/v2\/pages\/1800\/revisions"}],"predecessor-version":[{"id":1802,"href":"https:\/\/especialistasdeldolor.com\/index.php\/wp-json\/wp\/v2\/pages\/1800\/revisions\/1802"}],"wp:attachment":[{"href":"https:\/\/especialistasdeldolor.com\/index.php\/wp-json\/wp\/v2\/media?parent=1800"}],"curies":[{"name":"wp","href":"https:\/\/api.w.org\/{rel}","templated":true}]}}