{"id":1713,"date":"2021-01-14T18:23:41","date_gmt":"2021-01-14T18:23:41","guid":{"rendered":"https:\/\/especialistasdeldolor.com\/?page_id=1713"},"modified":"2021-01-14T18:23:41","modified_gmt":"2021-01-14T18:23:41","slug":"dolor-miofascial","status":"publish","type":"page","link":"https:\/\/especialistasdeldolor.com\/index.php\/dolor-miofascial\/","title":{"rendered":"Dolor Miofascial"},"content":{"rendered":"\n<div class=\"wp-block-image is-style-rounded\"><figure class=\"aligncenter size-medium\"><img loading=\"lazy\" decoding=\"async\" width=\"300\" height=\"183\" src=\"https:\/\/especialistasdeldolor.com\/wp-content\/uploads\/2021\/01\/Dolor-Miofascial-300x183.jpg\" alt=\"\" class=\"wp-image-1714\" srcset=\"https:\/\/especialistasdeldolor.com\/wp-content\/uploads\/2021\/01\/Dolor-Miofascial-300x183.jpg 300w, https:\/\/especialistasdeldolor.com\/wp-content\/uploads\/2021\/01\/Dolor-Miofascial-768x469.jpg 768w, https:\/\/especialistasdeldolor.com\/wp-content\/uploads\/2021\/01\/Dolor-Miofascial.jpg 848w\" sizes=\"(max-width: 300px) 100vw, 300px\" \/><\/figure><\/div>\n\n\n\n<p>Es aquel que se produce por la contractura, inflamaci\u00f3n o afectaci\u00f3n de los m\u00fasculos. Normalmente afecta a aquellos que se localizan en espalda, cuello y hombros. Normalmente el dolor miofascial se manifiesta en puntos de contractura local del m\u00fasculo que permanecen en el tiempo y que resultan especialmente dolorosos. Este tipo de dolor suele estar originado por la adopci\u00f3n de una mala postura, como consecuencia de traumatismos, puede derivarse de otras patolog\u00edas, aparecer por malos h\u00e1bitos posturales o por accidentes de tr\u00e1fico -como el latigazo cervical. Su tratamiento se basa en un abordaje multidisciplinar.<\/p>\n","protected":false},"excerpt":{"rendered":"<p>Es aquel que se produce por la contractura, inflamaci\u00f3n o afectaci\u00f3n de los m\u00fasculos. Normalmente afecta a aquellos que se localizan en espalda, cuello y hombros. Normalmente el dolor miofascial se manifiesta en puntos de contractura local del m\u00fasculo que permanecen en el tiempo y que resultan especialmente dolorosos. Este tipo de dolor suele estar&hellip; <br \/> <a class=\"read-more\" href=\"https:\/\/especialistasdeldolor.com\/index.php\/dolor-miofascial\/\">Leer m\u00e1s<\/a><\/p>\n","protected":false},"author":1,"featured_media":1714,"parent":0,"menu_order":0,"comment_status":"closed","ping_status":"closed","template":"","meta":{"footnotes":""},"_links":{"self":[{"href":"https:\/\/especialistasdeldolor.com\/index.php\/wp-json\/wp\/v2\/pages\/1713"}],"collection":[{"href":"https:\/\/especialistasdeldolor.com\/index.php\/wp-json\/wp\/v2\/pages"}],"about":[{"href":"https:\/\/especialistasdeldolor.com\/index.php\/wp-json\/wp\/v2\/types\/page"}],"author":[{"embeddable":true,"href":"https:\/\/especialistasdeldolor.com\/index.php\/wp-json\/wp\/v2\/users\/1"}],"replies":[{"embeddable":true,"href":"https:\/\/especialistasdeldolor.com\/index.php\/wp-json\/wp\/v2\/comments?post=1713"}],"version-history":[{"count":1,"href":"https:\/\/especialistasdeldolor.com\/index.php\/wp-json\/wp\/v2\/pages\/1713\/revisions"}],"predecessor-version":[{"id":1715,"href":"https:\/\/especialistasdeldolor.com\/index.php\/wp-json\/wp\/v2\/pages\/1713\/revisions\/1715"}],"wp:featuredmedia":[{"embeddable":true,"href":"https:\/\/especialistasdeldolor.com\/index.php\/wp-json\/wp\/v2\/media\/1714"}],"wp:attachment":[{"href":"https:\/\/especialistasdeldolor.com\/index.php\/wp-json\/wp\/v2\/media?parent=1713"}],"curies":[{"name":"wp","href":"https:\/\/api.w.org\/{rel}","templated":true}]}}