{"id":1705,"date":"2021-01-14T18:17:23","date_gmt":"2021-01-14T18:17:23","guid":{"rendered":"https:\/\/especialistasdeldolor.com\/?page_id=1705"},"modified":"2021-01-14T18:17:23","modified_gmt":"2021-01-14T18:17:23","slug":"dolor-cervical","status":"publish","type":"page","link":"https:\/\/especialistasdeldolor.com\/index.php\/dolor-cervical\/","title":{"rendered":"Dolor cervical"},"content":{"rendered":"\n<div class=\"wp-block-image is-style-rounded\"><figure class=\"aligncenter size-medium\"><img loading=\"lazy\" decoding=\"async\" width=\"300\" height=\"200\" src=\"https:\/\/especialistasdeldolor.com\/wp-content\/uploads\/2021\/01\/cervical-300x200.jpg\" alt=\"\" class=\"wp-image-1706\" srcset=\"https:\/\/especialistasdeldolor.com\/wp-content\/uploads\/2021\/01\/cervical-300x200.jpg 300w, https:\/\/especialistasdeldolor.com\/wp-content\/uploads\/2021\/01\/cervical.jpg 512w\" sizes=\"(max-width: 300px) 100vw, 300px\" \/><\/figure><\/div>\n\n\n\n<p>La regi\u00f3n cervical es una de las zonas del cuerpo que con m\u00e1s frecuencia se ven afectadas por el dolor y presenta varios diagn\u00f3sticos como cervicalg\u00eda, latigazo cervical o dolor miofascial. Cuando un paciente se ve afectado en esta regi\u00f3n suele presentar dolor en sus cervicales, contractura cervical, dificultad para la movilizaci\u00f3n de la cabeza y, en ocasiones, mareos o dolores de cabeza.<\/p>\n\n\n\n<p>La presencia de dolor en forma de hormigueos o sensaciones el\u00e9ctricas en los brazos y manos es frecuentemente una forma de manifestaci\u00f3n de problemas cervicales. La compresi\u00f3n de una ra\u00edz nerviosa por un disco herniado puede desencadenar dolor neurop\u00e1tico reflejado en los brazos, es el denominado dolor irradiado que surge en una cervicobraquialg\u00eda. Situaciones como la ansiedad y el estr\u00e9s son factores importantes que contribuyen a perpetuar el dolor de esta regi\u00f3n, a trav\u00e9s de la contractura de los m\u00fasculos.<\/p>\n","protected":false},"excerpt":{"rendered":"<p>La regi\u00f3n cervical es una de las zonas del cuerpo que con m\u00e1s frecuencia se ven afectadas por el dolor y presenta varios diagn\u00f3sticos como cervicalg\u00eda, latigazo cervical o dolor miofascial. Cuando un paciente se ve afectado en esta regi\u00f3n suele presentar dolor en sus cervicales, contractura cervical, dificultad para la movilizaci\u00f3n de la cabeza&hellip; <br \/> <a class=\"read-more\" href=\"https:\/\/especialistasdeldolor.com\/index.php\/dolor-cervical\/\">Leer m\u00e1s<\/a><\/p>\n","protected":false},"author":1,"featured_media":1706,"parent":0,"menu_order":0,"comment_status":"closed","ping_status":"closed","template":"","meta":{"footnotes":""},"_links":{"self":[{"href":"https:\/\/especialistasdeldolor.com\/index.php\/wp-json\/wp\/v2\/pages\/1705"}],"collection":[{"href":"https:\/\/especialistasdeldolor.com\/index.php\/wp-json\/wp\/v2\/pages"}],"about":[{"href":"https:\/\/especialistasdeldolor.com\/index.php\/wp-json\/wp\/v2\/types\/page"}],"author":[{"embeddable":true,"href":"https:\/\/especialistasdeldolor.com\/index.php\/wp-json\/wp\/v2\/users\/1"}],"replies":[{"embeddable":true,"href":"https:\/\/especialistasdeldolor.com\/index.php\/wp-json\/wp\/v2\/comments?post=1705"}],"version-history":[{"count":1,"href":"https:\/\/especialistasdeldolor.com\/index.php\/wp-json\/wp\/v2\/pages\/1705\/revisions"}],"predecessor-version":[{"id":1707,"href":"https:\/\/especialistasdeldolor.com\/index.php\/wp-json\/wp\/v2\/pages\/1705\/revisions\/1707"}],"wp:featuredmedia":[{"embeddable":true,"href":"https:\/\/especialistasdeldolor.com\/index.php\/wp-json\/wp\/v2\/media\/1706"}],"wp:attachment":[{"href":"https:\/\/especialistasdeldolor.com\/index.php\/wp-json\/wp\/v2\/media?parent=1705"}],"curies":[{"name":"wp","href":"https:\/\/api.w.org\/{rel}","templated":true}]}}