{"id":1686,"date":"2021-01-14T18:01:00","date_gmt":"2021-01-14T18:01:00","guid":{"rendered":"https:\/\/especialistasdeldolor.com\/?page_id=1686"},"modified":"2021-01-14T18:13:32","modified_gmt":"2021-01-14T18:13:32","slug":"artrosis-de-muneca","status":"publish","type":"page","link":"https:\/\/especialistasdeldolor.com\/index.php\/artrosis-de-muneca\/","title":{"rendered":"Artrosis de mu\u00f1eca"},"content":{"rendered":"\n<div class=\"wp-block-image is-style-rounded\"><figure class=\"aligncenter size-large\"><img loading=\"lazy\" decoding=\"async\" width=\"225\" height=\"225\" src=\"https:\/\/especialistasdeldolor.com\/wp-content\/uploads\/2021\/01\/muneca.jpeg\" alt=\"\" class=\"wp-image-1687\" srcset=\"https:\/\/especialistasdeldolor.com\/wp-content\/uploads\/2021\/01\/muneca.jpeg 225w, https:\/\/especialistasdeldolor.com\/wp-content\/uploads\/2021\/01\/muneca-150x150.jpeg 150w\" sizes=\"(max-width: 225px) 100vw, 225px\" \/><\/figure><\/div>\n\n\n\n<p>La artrosis de mu\u00f1eca es el desgaste que se produce en el cart\u00edlago de la articulaci\u00f3n de la mu\u00f1eca, que se compone de los huesos del carpo y conecta con el c\u00fabito y el radio. Cada lesi\u00f3n que se produce en la mu\u00f1eca, ya sea por un esguince o una fractura, ayuda a que la anatom\u00eda de esta vaya cambiando y se genere mayor presi\u00f3n sobre el cart\u00edlago, que se acaba desgastando.<\/p>\n","protected":false},"excerpt":{"rendered":"<p>La artrosis de mu\u00f1eca es el desgaste que se produce en el cart\u00edlago de la articulaci\u00f3n de la mu\u00f1eca, que se compone de los huesos del carpo y conecta con el c\u00fabito y el radio. Cada lesi\u00f3n que se produce en la mu\u00f1eca, ya sea por un esguince o una fractura, ayuda a que la&hellip; <br \/> <a class=\"read-more\" href=\"https:\/\/especialistasdeldolor.com\/index.php\/artrosis-de-muneca\/\">Leer m\u00e1s<\/a><\/p>\n","protected":false},"author":1,"featured_media":1687,"parent":0,"menu_order":0,"comment_status":"closed","ping_status":"closed","template":"","meta":{"footnotes":""},"_links":{"self":[{"href":"https:\/\/especialistasdeldolor.com\/index.php\/wp-json\/wp\/v2\/pages\/1686"}],"collection":[{"href":"https:\/\/especialistasdeldolor.com\/index.php\/wp-json\/wp\/v2\/pages"}],"about":[{"href":"https:\/\/especialistasdeldolor.com\/index.php\/wp-json\/wp\/v2\/types\/page"}],"author":[{"embeddable":true,"href":"https:\/\/especialistasdeldolor.com\/index.php\/wp-json\/wp\/v2\/users\/1"}],"replies":[{"embeddable":true,"href":"https:\/\/especialistasdeldolor.com\/index.php\/wp-json\/wp\/v2\/comments?post=1686"}],"version-history":[{"count":2,"href":"https:\/\/especialistasdeldolor.com\/index.php\/wp-json\/wp\/v2\/pages\/1686\/revisions"}],"predecessor-version":[{"id":1703,"href":"https:\/\/especialistasdeldolor.com\/index.php\/wp-json\/wp\/v2\/pages\/1686\/revisions\/1703"}],"wp:featuredmedia":[{"embeddable":true,"href":"https:\/\/especialistasdeldolor.com\/index.php\/wp-json\/wp\/v2\/media\/1687"}],"wp:attachment":[{"href":"https:\/\/especialistasdeldolor.com\/index.php\/wp-json\/wp\/v2\/media?parent=1686"}],"curies":[{"name":"wp","href":"https:\/\/api.w.org\/{rel}","templated":true}]}}