{"id":1608,"date":"2021-01-13T01:27:31","date_gmt":"2021-01-13T01:27:31","guid":{"rendered":"https:\/\/especialistasdeldolor.com\/?page_id=1608"},"modified":"2021-01-14T19:08:20","modified_gmt":"2021-01-14T19:08:20","slug":"neuralgias-del-pudendo","status":"publish","type":"page","link":"https:\/\/especialistasdeldolor.com\/index.php\/neuralgias-del-pudendo\/","title":{"rendered":"Neuralgias del pudendo"},"content":{"rendered":"\n<div class=\"wp-block-image is-style-rounded\"><figure class=\"aligncenter size-medium\"><img loading=\"lazy\" decoding=\"async\" width=\"274\" height=\"300\" src=\"https:\/\/especialistasdeldolor.com\/wp-content\/uploads\/2021\/01\/pudendo-274x300.png\" alt=\"\" class=\"wp-image-1721\" srcset=\"https:\/\/especialistasdeldolor.com\/wp-content\/uploads\/2021\/01\/pudendo-274x300.png 274w, https:\/\/especialistasdeldolor.com\/wp-content\/uploads\/2021\/01\/pudendo-768x841.png 768w, https:\/\/especialistasdeldolor.com\/wp-content\/uploads\/2021\/01\/pudendo.png 798w\" sizes=\"(max-width: 274px) 100vw, 274px\" \/><\/figure><\/div>\n\n\n\n<p>La neuralgia del pudendo es el dolor producido por la afectaci\u00f3n del mismo. Este dolor puede ser localizado o difuso y tambi\u00e9n se puede sentir una sensaci\u00f3n de quemaz\u00f3n o de descarga el\u00e9ctrica. Esta lesi\u00f3n puede tener varios or\u00edgenes: traum\u00e1tica (por intervenci\u00f3n quir\u00fargica en la zona p\u00e9lvica), obst\u00e9trica (episiotom\u00eda y\/o parto instrumentalizado con f\u00f3rceps, esp\u00e1tulas\u2026), hiperton\u00eda muscular p\u00e9lvica entre otros. En esta patolog\u00eda ser\u00e1 muy importante valorar la tensi\u00f3n de los distintos tejidos que envuelven el nervio y ver el estado de la movilizaci\u00f3n p\u00e9lvica para poder as\u00ed, liberar la posible compresi\u00f3n que exista.<\/p>\n","protected":false},"excerpt":{"rendered":"<p>La neuralgia del pudendo es el dolor producido por la afectaci\u00f3n del mismo. Este dolor puede ser localizado o difuso y tambi\u00e9n se puede sentir una sensaci\u00f3n de quemaz\u00f3n o de descarga el\u00e9ctrica. Esta lesi\u00f3n puede tener varios or\u00edgenes: traum\u00e1tica (por intervenci\u00f3n quir\u00fargica en la zona p\u00e9lvica), obst\u00e9trica (episiotom\u00eda y\/o parto instrumentalizado con f\u00f3rceps, esp\u00e1tulas\u2026),&hellip; <br \/> <a class=\"read-more\" href=\"https:\/\/especialistasdeldolor.com\/index.php\/neuralgias-del-pudendo\/\">Leer m\u00e1s<\/a><\/p>\n","protected":false},"author":1,"featured_media":1721,"parent":0,"menu_order":0,"comment_status":"closed","ping_status":"closed","template":"","meta":{"footnotes":""},"_links":{"self":[{"href":"https:\/\/especialistasdeldolor.com\/index.php\/wp-json\/wp\/v2\/pages\/1608"}],"collection":[{"href":"https:\/\/especialistasdeldolor.com\/index.php\/wp-json\/wp\/v2\/pages"}],"about":[{"href":"https:\/\/especialistasdeldolor.com\/index.php\/wp-json\/wp\/v2\/types\/page"}],"author":[{"embeddable":true,"href":"https:\/\/especialistasdeldolor.com\/index.php\/wp-json\/wp\/v2\/users\/1"}],"replies":[{"embeddable":true,"href":"https:\/\/especialistasdeldolor.com\/index.php\/wp-json\/wp\/v2\/comments?post=1608"}],"version-history":[{"count":3,"href":"https:\/\/especialistasdeldolor.com\/index.php\/wp-json\/wp\/v2\/pages\/1608\/revisions"}],"predecessor-version":[{"id":1722,"href":"https:\/\/especialistasdeldolor.com\/index.php\/wp-json\/wp\/v2\/pages\/1608\/revisions\/1722"}],"wp:featuredmedia":[{"embeddable":true,"href":"https:\/\/especialistasdeldolor.com\/index.php\/wp-json\/wp\/v2\/media\/1721"}],"wp:attachment":[{"href":"https:\/\/especialistasdeldolor.com\/index.php\/wp-json\/wp\/v2\/media?parent=1608"}],"curies":[{"name":"wp","href":"https:\/\/api.w.org\/{rel}","templated":true}]}}