{"id":1598,"date":"2021-01-13T01:24:29","date_gmt":"2021-01-13T01:24:29","guid":{"rendered":"https:\/\/especialistasdeldolor.com\/?page_id=1598"},"modified":"2021-01-14T17:22:27","modified_gmt":"2021-01-14T17:22:27","slug":"neuralgia-del-trigemino","status":"publish","type":"page","link":"https:\/\/especialistasdeldolor.com\/index.php\/neuralgia-del-trigemino\/","title":{"rendered":"Neuralgia del trig\u00e9mino"},"content":{"rendered":"\n<div class=\"wp-block-image is-style-rounded\"><figure class=\"aligncenter size-medium is-resized\"><img loading=\"lazy\" decoding=\"async\" src=\"https:\/\/especialistasdeldolor.com\/wp-content\/uploads\/2021\/01\/Neuralgia-del-Trigemino-300x180.jpg\" alt=\"\" class=\"wp-image-1642\" width=\"300\" height=\"180\" srcset=\"https:\/\/especialistasdeldolor.com\/wp-content\/uploads\/2021\/01\/Neuralgia-del-Trigemino-300x180.jpg 300w, https:\/\/especialistasdeldolor.com\/wp-content\/uploads\/2021\/01\/Neuralgia-del-Trigemino.jpg 584w\" sizes=\"(max-width: 300px) 100vw, 300px\" \/><\/figure><\/div>\n\n\n\n<p>Puede tener como causas diferentes da\u00f1os o interferencias en el quinto nervio cerebral (el trig\u00e9mino). Desde su punto de partida en la base craneal, este nervio se divide en tres ramas que suministran diferentes \u00e1reas de la cara. Si se comprime en alg\u00fan punto de su recorrido y se da\u00f1a su envoltura, se descargar\u00e1 espont\u00e1neamente. Esta descarga provoca ataques de dolor intenso, normalmente unilaterales, en la zona suministrada por el trig\u00e9mino (es decir, frente, ojos, mejillas y mand\u00edbula, incluidos los dientes). Los s\u00edntomas caracter\u00edsticos de una neuralgia del trig\u00e9mino son principalmente dolores faciales muy intensos, principalmente unilaterales, que duran de un segundo hasta un m\u00e1ximo de dos minutos (casi siempre solo unos pocos segundos). Los dolores en la neuralgia del trig\u00e9mino se encuentran entre los dolores m\u00e1s intensos conocidos.<\/p>\n\n\n\n<p>Muchos afectados los describen como fulminantes o como si se tratara de un choque el\u00e9ctrico. Los ataques de dolor pueden ser recurrentes y repetirse r\u00e1pidamente. Aparecen espont\u00e1neamente (sin desencadenante identificable), pero tambi\u00e9n cuando se roza la mejilla o la frente, a menudo al hablar, re\u00edr, lavarse los dientes, masticar o tragar. Cuando el tratamiento farmacol\u00f3gico con medicamentos espec\u00edficos no es eficaz, es necesario plantearse el empleo de t\u00e9cnicas m\u00ednimamente invasivas. La m\u00e1s empleada en la actualidad, as\u00ed como la que posee un mayor \u00edndice de \u00e9xitos, con una menor incidencia de efectos adversos, es la Termocoagulaci\u00f3n del Ganglio de Gasser con Radiofrecuencia. Consiste e introducir una c\u00e1nula especial a trav\u00e9s de la mejilla, dirigida por gu\u00eda radiosc\u00f3pica al ganglio del nervio trig\u00e9mino (ganglio de Gasser), que est\u00e1 situado en la base del cr\u00e1neo. Una vez posicionada la c\u00e1nula, se realiza tratamiento mediante radiofrecuencia, produci\u00e9ndose una termocoagulaci\u00f3n controlada de peque\u00f1as porciones del ganglio, que dar\u00e1n lugar a una desaparici\u00f3n del dolor. El procedimiento se realiza en una sala de hemodinamia bajo sedaci\u00f3n.<\/p>\n","protected":false},"excerpt":{"rendered":"<p>Puede tener como causas diferentes da\u00f1os o interferencias en el quinto nervio cerebral (el trig\u00e9mino). Desde su punto de partida en la base craneal, este nervio se divide en tres ramas que suministran diferentes \u00e1reas de la cara. Si se comprime en alg\u00fan punto de su recorrido y se da\u00f1a su envoltura, se descargar\u00e1 espont\u00e1neamente.&hellip; <br \/> <a class=\"read-more\" href=\"https:\/\/especialistasdeldolor.com\/index.php\/neuralgia-del-trigemino\/\">Leer m\u00e1s<\/a><\/p>\n","protected":false},"author":1,"featured_media":1642,"parent":0,"menu_order":0,"comment_status":"closed","ping_status":"closed","template":"","meta":{"footnotes":""},"_links":{"self":[{"href":"https:\/\/especialistasdeldolor.com\/index.php\/wp-json\/wp\/v2\/pages\/1598"}],"collection":[{"href":"https:\/\/especialistasdeldolor.com\/index.php\/wp-json\/wp\/v2\/pages"}],"about":[{"href":"https:\/\/especialistasdeldolor.com\/index.php\/wp-json\/wp\/v2\/types\/page"}],"author":[{"embeddable":true,"href":"https:\/\/especialistasdeldolor.com\/index.php\/wp-json\/wp\/v2\/users\/1"}],"replies":[{"embeddable":true,"href":"https:\/\/especialistasdeldolor.com\/index.php\/wp-json\/wp\/v2\/comments?post=1598"}],"version-history":[{"count":10,"href":"https:\/\/especialistasdeldolor.com\/index.php\/wp-json\/wp\/v2\/pages\/1598\/revisions"}],"predecessor-version":[{"id":1652,"href":"https:\/\/especialistasdeldolor.com\/index.php\/wp-json\/wp\/v2\/pages\/1598\/revisions\/1652"}],"wp:featuredmedia":[{"embeddable":true,"href":"https:\/\/especialistasdeldolor.com\/index.php\/wp-json\/wp\/v2\/media\/1642"}],"wp:attachment":[{"href":"https:\/\/especialistasdeldolor.com\/index.php\/wp-json\/wp\/v2\/media?parent=1598"}],"curies":[{"name":"wp","href":"https:\/\/api.w.org\/{rel}","templated":true}]}}