{"id":1596,"date":"2021-01-13T01:22:15","date_gmt":"2021-01-13T01:22:15","guid":{"rendered":"https:\/\/especialistasdeldolor.com\/?page_id=1596"},"modified":"2021-01-14T19:20:05","modified_gmt":"2021-01-14T19:20:05","slug":"fractura-vertebral-por-compresion","status":"publish","type":"page","link":"https:\/\/especialistasdeldolor.com\/index.php\/fractura-vertebral-por-compresion\/","title":{"rendered":"Fractura vertebral por compresi\u00f3n"},"content":{"rendered":"\n<div class=\"wp-block-image is-style-rounded\"><figure class=\"aligncenter size-medium\"><img loading=\"lazy\" decoding=\"async\" width=\"300\" height=\"300\" src=\"https:\/\/especialistasdeldolor.com\/wp-content\/uploads\/2021\/01\/fractura-por-compresion-300x300.jpg\" alt=\"\" class=\"wp-image-1729\" srcset=\"https:\/\/especialistasdeldolor.com\/wp-content\/uploads\/2021\/01\/fractura-por-compresion-300x300.jpg 300w, https:\/\/especialistasdeldolor.com\/wp-content\/uploads\/2021\/01\/fractura-por-compresion-150x150.jpg 150w, https:\/\/especialistasdeldolor.com\/wp-content\/uploads\/2021\/01\/fractura-por-compresion.jpg 450w\" sizes=\"(max-width: 300px) 100vw, 300px\" \/><\/figure><\/div>\n\n\n\n<p>Es un colapso de las v\u00e9rtebras de la columna. La causa puede ser un trauma o una columna vertebral debilitada en el caso de un paciente con osteoporosis u osteog\u00e9nesis imperfecta. En el caso de pacientes saludables, se observa m\u00e1s com\u00fanmente en personas que sufren de ca\u00eddas verticales extremas, como al ser eyectados de sus asientos. Cuando se las observa en las vistas laterales de pel\u00edculas radiogr\u00e1ficas simples, las fracturas de columna por compresi\u00f3n aparecen caracter\u00edsticamente como deformidades en forma de cu\u00f1a, con una mayor p\u00e9rdida de peso en la parte anterior que en la posterior y con ped\u00edculos intactos en la vista antero posterior. Causas la osteoporosis es la causa m\u00e1s com\u00fan de este tipo de fractura. La osteoporosis es una enfermedad en la cual los huesos se vuelven fr\u00e1giles. En la mayor\u00eda de los casos, el hueso pierde calcio y otros minerales con la edad. Otras causas pueden incluir: &nbsp;<br>&nbsp; \u2022 Traumatismo en la espalda,<br>&nbsp; \u2022 Tumores que comenzaron en el hueso o se<br>&nbsp; &nbsp; &nbsp;diseminaron al hueso desde alguna otra parte,<br>&nbsp; \u2022 Tumores que comienzan en la columna, como el mieloma m\u00faltiple.<\/p>\n","protected":false},"excerpt":{"rendered":"<p>Es un colapso de las v\u00e9rtebras de la columna. La causa puede ser un trauma o una columna vertebral debilitada en el caso de un paciente con osteoporosis u osteog\u00e9nesis imperfecta. En el caso de pacientes saludables, se observa m\u00e1s com\u00fanmente en personas que sufren de ca\u00eddas verticales extremas, como al ser eyectados de sus&hellip; <br \/> <a class=\"read-more\" href=\"https:\/\/especialistasdeldolor.com\/index.php\/fractura-vertebral-por-compresion\/\">Leer m\u00e1s<\/a><\/p>\n","protected":false},"author":1,"featured_media":1729,"parent":0,"menu_order":0,"comment_status":"closed","ping_status":"closed","template":"","meta":{"footnotes":""},"_links":{"self":[{"href":"https:\/\/especialistasdeldolor.com\/index.php\/wp-json\/wp\/v2\/pages\/1596"}],"collection":[{"href":"https:\/\/especialistasdeldolor.com\/index.php\/wp-json\/wp\/v2\/pages"}],"about":[{"href":"https:\/\/especialistasdeldolor.com\/index.php\/wp-json\/wp\/v2\/types\/page"}],"author":[{"embeddable":true,"href":"https:\/\/especialistasdeldolor.com\/index.php\/wp-json\/wp\/v2\/users\/1"}],"replies":[{"embeddable":true,"href":"https:\/\/especialistasdeldolor.com\/index.php\/wp-json\/wp\/v2\/comments?post=1596"}],"version-history":[{"count":3,"href":"https:\/\/especialistasdeldolor.com\/index.php\/wp-json\/wp\/v2\/pages\/1596\/revisions"}],"predecessor-version":[{"id":1730,"href":"https:\/\/especialistasdeldolor.com\/index.php\/wp-json\/wp\/v2\/pages\/1596\/revisions\/1730"}],"wp:featuredmedia":[{"embeddable":true,"href":"https:\/\/especialistasdeldolor.com\/index.php\/wp-json\/wp\/v2\/media\/1729"}],"wp:attachment":[{"href":"https:\/\/especialistasdeldolor.com\/index.php\/wp-json\/wp\/v2\/media?parent=1596"}],"curies":[{"name":"wp","href":"https:\/\/api.w.org\/{rel}","templated":true}]}}