{"id":1594,"date":"2021-01-13T01:21:16","date_gmt":"2021-01-13T01:21:16","guid":{"rendered":"https:\/\/especialistasdeldolor.com\/?page_id=1594"},"modified":"2021-01-14T19:29:12","modified_gmt":"2021-01-14T19:29:12","slug":"ciatica-o-radiculopatia","status":"publish","type":"page","link":"https:\/\/especialistasdeldolor.com\/index.php\/ciatica-o-radiculopatia\/","title":{"rendered":"Ci\u00e1tica o radiculopat\u00eda"},"content":{"rendered":"\n<div class=\"wp-block-image is-style-rounded\"><figure class=\"aligncenter size-large\"><img loading=\"lazy\" decoding=\"async\" width=\"280\" height=\"276\" src=\"https:\/\/especialistasdeldolor.com\/wp-content\/uploads\/2021\/01\/ciatica.jpg\" alt=\"\" class=\"wp-image-1731\"\/><\/figure><\/div>\n\n\n\n<p>La radiculopat\u00eda es lo que com\u00fanmente conocemos como ci\u00e1tica y es una dolencia muy com\u00fan entre la poblaci\u00f3n. Es generalmente un dolor ocasionado por la compresi\u00f3n o irritaci\u00f3n de los nervios de la parte baja de la columna, entre ellos, del nervio ci\u00e1tico mayor.<br>El conjunto que forman las v\u00e9rtebras y los discos en la zona lumbar, pueden ser el origen de procesos degenerativos con s\u00edndromes dolorosos. El paso del tiempo y el envejecimiento afectan de forma habitual a los discos intervertebrales, cuyo nivel de afectaci\u00f3n sufre diferentes estadios evolutivos hasta desencadenar una hernia discal que desembocar\u00e1 en una radiculopat\u00eda. La posici\u00f3n del disco intervertebral en la columna provoca la p\u00e9rdida de su estructura normal, lo que genera diferentes cuadros de dolor. La compresi\u00f3n de los nervios raqu\u00eddeos en el nivel de salida desde la m\u00e9dula genera hormigueos, adormecimiento, quemaz\u00f3n o ci\u00e1tica.\u00a0<\/p>\n","protected":false},"excerpt":{"rendered":"<p>La radiculopat\u00eda es lo que com\u00fanmente conocemos como ci\u00e1tica y es una dolencia muy com\u00fan entre la poblaci\u00f3n. Es generalmente un dolor ocasionado por la compresi\u00f3n o irritaci\u00f3n de los nervios de la parte baja de la columna, entre ellos, del nervio ci\u00e1tico mayor.El conjunto que forman las v\u00e9rtebras y los discos en la zona&hellip; <br \/> <a class=\"read-more\" href=\"https:\/\/especialistasdeldolor.com\/index.php\/ciatica-o-radiculopatia\/\">Leer m\u00e1s<\/a><\/p>\n","protected":false},"author":1,"featured_media":1731,"parent":0,"menu_order":0,"comment_status":"closed","ping_status":"closed","template":"","meta":{"footnotes":""},"_links":{"self":[{"href":"https:\/\/especialistasdeldolor.com\/index.php\/wp-json\/wp\/v2\/pages\/1594"}],"collection":[{"href":"https:\/\/especialistasdeldolor.com\/index.php\/wp-json\/wp\/v2\/pages"}],"about":[{"href":"https:\/\/especialistasdeldolor.com\/index.php\/wp-json\/wp\/v2\/types\/page"}],"author":[{"embeddable":true,"href":"https:\/\/especialistasdeldolor.com\/index.php\/wp-json\/wp\/v2\/users\/1"}],"replies":[{"embeddable":true,"href":"https:\/\/especialistasdeldolor.com\/index.php\/wp-json\/wp\/v2\/comments?post=1594"}],"version-history":[{"count":4,"href":"https:\/\/especialistasdeldolor.com\/index.php\/wp-json\/wp\/v2\/pages\/1594\/revisions"}],"predecessor-version":[{"id":1732,"href":"https:\/\/especialistasdeldolor.com\/index.php\/wp-json\/wp\/v2\/pages\/1594\/revisions\/1732"}],"wp:featuredmedia":[{"embeddable":true,"href":"https:\/\/especialistasdeldolor.com\/index.php\/wp-json\/wp\/v2\/media\/1731"}],"wp:attachment":[{"href":"https:\/\/especialistasdeldolor.com\/index.php\/wp-json\/wp\/v2\/media?parent=1594"}],"curies":[{"name":"wp","href":"https:\/\/api.w.org\/{rel}","templated":true}]}}