{"id":1568,"date":"2021-01-13T01:11:11","date_gmt":"2021-01-13T01:11:11","guid":{"rendered":"https:\/\/especialistasdeldolor.com\/?page_id=1568"},"modified":"2021-01-13T01:11:11","modified_gmt":"2021-01-13T01:11:11","slug":"oncologico","status":"publish","type":"page","link":"https:\/\/especialistasdeldolor.com\/index.php\/oncologico\/","title":{"rendered":"Oncol\u00f3gico"},"content":{"rendered":"\n<p>Se refiere a los dolores que pueden padecer pacientes oncol\u00f3gicos, bien por la progresi\u00f3n de la propia enfermedad o debido a los tratamientos y patolog\u00edas asociadas. Las caracter\u00edsticas del dolor oncol\u00f3gico son muy heterog\u00e9neas. El dolor abdominal es un s\u00edntoma muy frecuente en pacientes que sufren procesos tumorales que afectan a \u00f3rganos del sistema digestivo, como son los tumores de colon, estomago o p\u00e1ncreas. En pacientes que presentan tumores \u00f3seos o procesos metast\u00e1sicos, especialmente en v\u00e9rtebras, se presentan cuadros de dolor neurop\u00e1tico, con aparici\u00f3n de disestesias (exageraci\u00f3n sensitiva de un est\u00edmulo habitualmente normal), parestesias (cosquilleo, calor o fr\u00edo doloroso) o alodinias (percepci\u00f3n dolorosa de un est\u00edmulo mec\u00e1nico o t\u00e9rmico normalmente indoloro).<\/p>\n\n\n\n<p>Las cefaleas y otros s\u00edntomas como las algias faciales son muy frecuentes en los pacientes con tumores localizados en el sistema nervioso central o en la regi\u00f3n cr\u00e1neo-cervical.&nbsp;<br><br>Nosotros sabemos que el abordaje integral del dolor oncol\u00f3gico es fundamental para conseguir mitigar su intensidad hasta hacerlo desaparecer. La actuaci\u00f3n multidisciplinar resulta fundamental para conseguir una mejor\u00eda global del paciente. El tratamiento de la esfera psicol\u00f3gica del paciente y de su c\u00edrculo familiar m\u00e1s cercano es especialmente importante en estos pacientes, dada la patolog\u00eda que sufren.&nbsp;<\/p>\n","protected":false},"excerpt":{"rendered":"<p>Se refiere a los dolores que pueden padecer pacientes oncol\u00f3gicos, bien por la progresi\u00f3n de la propia enfermedad o debido a los tratamientos y patolog\u00edas asociadas. Las caracter\u00edsticas del dolor oncol\u00f3gico son muy heterog\u00e9neas. El dolor abdominal es un s\u00edntoma muy frecuente en pacientes que sufren procesos tumorales que afectan a \u00f3rganos del sistema digestivo,&hellip; <br \/> <a class=\"read-more\" href=\"https:\/\/especialistasdeldolor.com\/index.php\/oncologico\/\">Leer m\u00e1s<\/a><\/p>\n","protected":false},"author":1,"featured_media":0,"parent":0,"menu_order":0,"comment_status":"closed","ping_status":"closed","template":"","meta":{"footnotes":""},"_links":{"self":[{"href":"https:\/\/especialistasdeldolor.com\/index.php\/wp-json\/wp\/v2\/pages\/1568"}],"collection":[{"href":"https:\/\/especialistasdeldolor.com\/index.php\/wp-json\/wp\/v2\/pages"}],"about":[{"href":"https:\/\/especialistasdeldolor.com\/index.php\/wp-json\/wp\/v2\/types\/page"}],"author":[{"embeddable":true,"href":"https:\/\/especialistasdeldolor.com\/index.php\/wp-json\/wp\/v2\/users\/1"}],"replies":[{"embeddable":true,"href":"https:\/\/especialistasdeldolor.com\/index.php\/wp-json\/wp\/v2\/comments?post=1568"}],"version-history":[{"count":1,"href":"https:\/\/especialistasdeldolor.com\/index.php\/wp-json\/wp\/v2\/pages\/1568\/revisions"}],"predecessor-version":[{"id":1569,"href":"https:\/\/especialistasdeldolor.com\/index.php\/wp-json\/wp\/v2\/pages\/1568\/revisions\/1569"}],"wp:attachment":[{"href":"https:\/\/especialistasdeldolor.com\/index.php\/wp-json\/wp\/v2\/media?parent=1568"}],"curies":[{"name":"wp","href":"https:\/\/api.w.org\/{rel}","templated":true}]}}